{"id":10,"date":"2024-10-13T07:27:57","date_gmt":"2024-10-13T05:27:57","guid":{"rendered":"https:\/\/gerwien-dresden.de\/?page_id=10"},"modified":"2024-10-13T07:57:49","modified_gmt":"2024-10-13T05:57:49","slug":"ueber-uns","status":"publish","type":"page","link":"https:\/\/consulting-gerwien.de\/?page_id=10","title":{"rendered":"\u00dcber uns"},"content":{"rendered":"\n<p>Warum IT-Consulting Gerwien? In der heutigen digitalen Welt ist eine effiziente und zuverl\u00e4ssige IT-Infrastruktur f\u00fcr Unternehmen unerl\u00e4sslich. Die richtige IT-Strategie kann Ihr Unternehmen dabei unterst\u00fctzen, wettbewerbsf\u00e4hig zu bleiben, Ihre Gesch\u00e4ftsprozesse zu optimieren und Innovationen voranzutreiben. Genau hier setzen wir an. Wir bieten Ihnen eine umfassende Palette von IT-Beratungsdiensten, um sicherzustellen, dass Ihre IT-Systeme reibungslos funktionieren und Sie Ihr volles Potenzial aussch\u00f6pfen k\u00f6nnen.<\/p>\n\n\n\n<p><\/p>\n","protected":false},"excerpt":{"rendered":"<p>Warum IT-Consulting Gerwien? In der heutigen digitalen Welt ist eine effiziente und zuverl\u00e4ssige IT-Infrastruktur f\u00fcr Unternehmen unerl\u00e4sslich. Die richtige IT-Strategie kann Ihr Unternehmen dabei unterst\u00fctzen, wettbewerbsf\u00e4hig zu bleiben, Ihre Gesch\u00e4ftsprozesse zu optimieren und Innovationen voranzutreiben. Genau hier setzen wir an. Wir bieten Ihnen eine umfassende Palette von IT-Beratungsdiensten, um sicherzustellen, dass Ihre IT-Systeme reibungslos funktionieren [&hellip;]<\/p>\n","protected":false},"author":1,"featured_media":0,"parent":0,"menu_order":0,"comment_status":"closed","ping_status":"closed","template":"","meta":{"footnotes":""},"class_list":["post-10","page","type-page","status-publish","hentry"],"_links":{"self":[{"href":"https:\/\/consulting-gerwien.de\/index.php?rest_route=\/wp\/v2\/pages\/10","targetHints":{"allow":["GET"]}}],"collection":[{"href":"https:\/\/consulting-gerwien.de\/index.php?rest_route=\/wp\/v2\/pages"}],"about":[{"href":"https:\/\/consulting-gerwien.de\/index.php?rest_route=\/wp\/v2\/types\/page"}],"author":[{"embeddable":true,"href":"https:\/\/consulting-gerwien.de\/index.php?rest_route=\/wp\/v2\/users\/1"}],"replies":[{"embeddable":true,"href":"https:\/\/consulting-gerwien.de\/index.php?rest_route=%2Fwp%2Fv2%2Fcomments&post=10"}],"version-history":[{"count":2,"href":"https:\/\/consulting-gerwien.de\/index.php?rest_route=\/wp\/v2\/pages\/10\/revisions"}],"predecessor-version":[{"id":21,"href":"https:\/\/consulting-gerwien.de\/index.php?rest_route=\/wp\/v2\/pages\/10\/revisions\/21"}],"wp:attachment":[{"href":"https:\/\/consulting-gerwien.de\/index.php?rest_route=%2Fwp%2Fv2%2Fmedia&parent=10"}],"curies":[{"name":"wp","href":"https:\/\/api.w.org\/{rel}","templated":true}]}}